{"id":144,"date":"2014-02-14T07:48:35","date_gmt":"2014-02-14T07:48:35","guid":{"rendered":"http:\/\/www.kd-varazdin.hr\/beta\/?page_id=144"},"modified":"2024-03-25T07:46:09","modified_gmt":"2024-03-25T07:46:09","slug":"lokacija-2","status":"publish","type":"page","link":"https:\/\/www.kd-varazdin.hr\/?page_id=144","title":{"rendered":"Kontakti:"},"content":{"rendered":"\n<p><strong>PREDSJEDNIK I VODITELJ UZGOJA:<\/strong><br>Aleksandar Tropp<br>M: 098\/844-285<br>E: atropp.vz@gmail.com<\/p>\n\n\n\n<p class=\"has-text-align-left\"><strong>TAJNIK I BLAGAJNIK:<\/strong><br>Tomislav Kanjuh<br>M: 095\/575-6860<br>E: tkanjuh@gmail.com<\/p>\n\n\n\n<p class=\"has-text-align-left\"><strong>VODITELJ ZA \u0160RK:<\/strong><br>Sini\u0161a Magdaleni\u0107<br>M: 098\/185-1282<br>E: cikoyuk@gmail.com \u00a0 \u00a0 \u00a0 \u00a0 \u00a0 \u00a0 \u00a0 \u00a0 \u00a0 \u00a0 \u00a0 \u00a0 \u00a0 \u00a0 \u00a0 \u00a0 \u00a0 \u00a0 \u00a0 \u00a0 \u00a0 \u00a0 \u00a0 \u00a0 \u00a0 \u00a0 \u00a0 \u00a0 \u00a0 \u00a0 \u00a0 \u00a0 \u00a0 \u00a0 \u00a0 \u00a0 \u00a0 \u00a0 \u00a0 \u00a0 \u00a0 \u00a0                                                        <\/p>\n\n\n\n<p class=\"has-text-align-left\"><strong>VODITELJICA ZA AGILITY:<\/strong><br>Janja Pintari\u0107<br>M: 099\/220-4791<br>E: janja.vz@gmail.com<\/p>\n\n\n\n<div id=\"primary\" class=\"content-area\">&nbsp;<\/div>\n\n\n\n<p><iframe loading=\"lazy\" style=\"border: 0;\" src=\"https:\/\/www.google.com\/maps\/embed?pb=!1m18!1m12!1m3!1d688.7752378969841!2d16.338066260705173!3d46.327689957240366!2m3!1f0!2f0!3f0!3m2!1i1024!2i768!4f13.1!3m3!1m2!1s0x476f54cacb55bf6f%3A0x9fca00b927a3eedd!2sKinolo%C5%A1ko+dru%C5%A1tvo+Vara%C5%BEdin+1181!5e0!3m2!1sen!2shr!4v1426630859508\" width=\"600\" height=\"450\" frameborder=\"0\"><\/iframe><\/p>\n\n\n\n<p><small><a style=\"color: #0000ff; text-align: left;\" href=\"https:\/\/www.google.com\/maps?ll=46.327948,16.338077&amp;z=18&amp;t=m&amp;hl=en-US&amp;gl=HR&amp;mapclient=embed&amp;cid=11514016192560099037\">Pogledaj uve\u0107anu mapu<\/a><\/small><\/p>\n\n\n\n<p><\/p>\n\n\n\n<p><\/p>\n","protected":false},"excerpt":{"rendered":"<p>PREDSJEDNIK I VODITELJ UZGOJA:Aleksandar TroppM: 098\/844-285E: atropp.vz@gmail.com TAJNIK I BLAGAJNIK:Tomislav KanjuhM: 095\/575-6860E: tkanjuh@gmail.com VODITELJ ZA \u0160RK:Sini\u0161a Magdaleni\u0107M: 098\/185-1282E: cikoyuk@gmail.com \u00a0 \u00a0 \u00a0 \u00a0 \u00a0 \u00a0 \u00a0 \u00a0 \u00a0 \u00a0 \u00a0 \u00a0 \u00a0 \u00a0 \u00a0 \u00a0 \u00a0 \u00a0 \u00a0 \u00a0 \u00a0 \u00a0 \u00a0 \u00a0 \u00a0 \u00a0 \u00a0 \u00a0 \u00a0 \u00a0 \u00a0 \u00a0 \u00a0 \u00a0 \u00a0 \u00a0 &hellip; <\/p>\n<p class=\"link-more\"><a href=\"https:\/\/www.kd-varazdin.hr\/?page_id=144\" class=\"more-link\">Nastavi \u010ditati<span class=\"screen-reader-text\"> &#8220;Kontakti:&#8221;<\/span><\/a><\/p>\n","protected":false},"author":1,"featured_media":0,"parent":0,"menu_order":0,"comment_status":"closed","ping_status":"closed","template":"","meta":{"footnotes":""},"class_list":["post-144","page","type-page","status-publish","hentry"],"_links":{"self":[{"href":"https:\/\/www.kd-varazdin.hr\/index.php?rest_route=\/wp\/v2\/pages\/144","targetHints":{"allow":["GET"]}}],"collection":[{"href":"https:\/\/www.kd-varazdin.hr\/index.php?rest_route=\/wp\/v2\/pages"}],"about":[{"href":"https:\/\/www.kd-varazdin.hr\/index.php?rest_route=\/wp\/v2\/types\/page"}],"author":[{"embeddable":true,"href":"https:\/\/www.kd-varazdin.hr\/index.php?rest_route=\/wp\/v2\/users\/1"}],"replies":[{"embeddable":true,"href":"https:\/\/www.kd-varazdin.hr\/index.php?rest_route=%2Fwp%2Fv2%2Fcomments&post=144"}],"version-history":[{"count":14,"href":"https:\/\/www.kd-varazdin.hr\/index.php?rest_route=\/wp\/v2\/pages\/144\/revisions"}],"predecessor-version":[{"id":1509,"href":"https:\/\/www.kd-varazdin.hr\/index.php?rest_route=\/wp\/v2\/pages\/144\/revisions\/1509"}],"wp:attachment":[{"href":"https:\/\/www.kd-varazdin.hr\/index.php?rest_route=%2Fwp%2Fv2%2Fmedia&parent=144"}],"curies":[{"name":"wp","href":"https:\/\/api.w.org\/{rel}","templated":true}]}}